74).
172
Let b(r) = 80*r - 415. What is b(5)?
-15
Let x(v) = v**3 + 12*v**2 - 24*v - 4. What is x(-13)?
139
Let p(h) = h**2 - 36*h - 3030. Calculate p(77).
127
Let c(y) = -60*y + 73. What is c(5)?
-227
Let r(g) = -6*g + 193. Give r(10).
133
Let w(r) = -r**2 + 330*r - 8181. What is w(27)?
0
Let v(o) = o**2 + 89*o + 1370. What is v(-20)?
-10
Let p(n) = n**3 + 10*n**2 + 27*n + 34. Calculate p(-7).
-8
Let a(v) = -2*v**3 + 106*v**2 - 102*v - 103. What is a(52)?
1
Let j(u) = 3650*u - 3605. Calculate j(1).
45
Let t(n) = -15*n + 181. What is t(13)?
-14
Let j(n) = -n**3 - 13*n**2 + 43*n + 191. Determine j(-15).
-4
Let a(s) = -s**2 - 27*s - 121. Give a(-26).
-95
Let f(a) = -55*a - 842. What is f(-15)?
-17
Let h(t) = -3406*t + 13629. Give h(4).
5
Let a(l) = 11*l - 79. What is a(19)?
130
Let i(n) = 50*n + 5320. Give i(-106).
20
Let w(v) = -44*v - 174. Give w(-4).
2
Let y(p) = -p**2 - 1026*p - 12181. What is y(-12)?
-13
Let s(w) = -w**2 - 91*w + 5234. Calculate s(40).
-6
Let n(a) = a**3 - 19*a - 72. Calculate n(-5).
-102
Let p(b) = -147*b**2 - 1744*b + 240. What is p(-12)?
0
Let p(i) = -431*i + 2156. Determine p(5).
1
Let y(u) = 1086*u + 9782. What is y(-9)?
8
Let s(c) = 35*c - 168. Calculate s(5).
7
Let o(f) = f**2 + 123*f + 1892. Give o(-105).
2
Let q(z) = 7*z**2 + 1067*z + 11799. What is q(-12)?
3
Let u(i) = 139*i - 214. Calculate u(4).
342
Let a(i) = i**3 + 11*i**2 - 24*i + 3. What is a(2)?
7
Let f(k) = -2*k**2 + 81*k - 349. Give f(5).
6
Let l(j) = -j**2 + 7461*j + 44793. Calculate l(-6).
-9
Let v(p) = -20*p**2 - 11*p + 138. Determine v(-3).
-9
Let a(k) = 191*k - 42390. Determine a(222).
12
Let z(j) = j**3 + 17*j**2 - 26*j - 129. What is z(-18)?
15
Let g(p) = p**3 - 81*p**2 - 77*p + 10. Give g(82).
420
Let g(u) = 6*u**3 + 10*u**2 + u - 1. Give g(-2).
-11
Let y(k) = -972*k + 6807. Give y(7).
3
Let u(l) = -2*l**3 - 73*l**2 - 39*l - 105. Give u(-36).
3
Let o(t) = t**3 - 23*t**2 - 162*t + 2799. Determine o(25).
-1
Let t(w) = -2*w**3 - 71*w**2 - 397*w + 1. Give t(-7).
-13
Let q(g) = -3*g**2 - 183*g - 1641. Calculate q(-50).
9
Let a(q) = -q**2 + 317*q + 1615. Determine a(-5).
5
Let r(a) = 740*a - 4489. Give r(6).
-49
Let b(t) = -62*t - 92. What is b(3)?
-278
Let d(c) = c**2 - 11*c - 88. What is d(20)?
92
Let o(x) = 7*x - 237. What is o(45)?
78
Let u(w) = 3*w**3 + 6*w**2 - 14*w + 10. What is u(4)?
242
Let d(i) = 134*i + 18599. Determine d(-139).
-27
Let v(b) = b**2 - 5443*b - 43628. Give v(-8).
-20
Let a(p) = -2*p**3 + 28*p**2 - 5*p - 88. Determine a(13).
185
Let z(c) = -2*c**2 - 46*c - 81. Give z(-27).
-297
Let d(t) = -t**2 + 62*t - 808. Calculate d(42).
32
Let v(a) = -33*a + 693. Determine v(21).
0
Let h(n) = -4*n**2 - 60*n + 403. Determine h(8).
-333
Let c(f) = f**2 - 566*f + 5030. Give c(9).
17
Let n(d) = 278*d + 5092. Give n(-18).
88
Let g(q) = q**3 + 63*q**2 - 114*q - 7. Calculate g(2).
25
Let b(y) = 4*y + 256. Calculate b(-47).
68
Let b(a) = -a**3 + 43*a**2 - 153*a + 1308. Give b(40).
-12
Let j(q) = 33*q + 277. Determine j(-11).
-86
Let k(t) = t**2 - 518*t + 5071. What is k(10)?
-9
Let r(z) = -z**3 - 7*z**2 + 127*z + 978. Determine r(-9).
-3
Let r(x) = -200*x - 1762. Determine r(-8).
-162
Let a(b) = b**3 - 36*b**2 + 91*b + 279. Give a(33).
15
Let v(u) = -3*u**3 - 194*u**2 - 314*u + 47. Determine v(-63).
-16
Let z(a) = -609*a - 621. Calculate z(-1).
-12
Let j(r) = 4*r**3 + 12*r**2 + 33*r + 49. What is j(-2)?
-1
Let t(c) = c**3 + 52*c**2 + 102*c + 99. What is t(-50)?
-1
Let w(g) = g**3 + 18*g**2 + 50*g + 38. Calculate w(-15).
-37
Let u(r) = 6*r**2 + 495*r + 263. Calculate u(-82).
17
Let h(l) = l**2 - 965*l + 87275. Calculate h(101).
11
Let h(w) = -5*w**2 + 422*w - 1598. What is h(4)?
10
Let j(q) = q**3 - 32*q**2 - 145*q + 13. Determine j(36).
-23
Let j(w) = w - 87. What is j(73)?
-14
Let k(n) = 289*n + 1833. Give k(-6).
99
Let i(p) = -6*p**2 + 26*p + 60. What is i(6)?
0
Let v(l) = -4*l**2 - 139*l - 45. Give v(0).
-45
Let c(z) = -4*z**2 - 67*z + 320. Calculate c(5).
-115
Let n(a) = -a**3 - 15*a**2 + 106*a + 99. Determine n(-20).
-21
Let a(b) = 34*b + 186. Calculate a(-3).
84
Let r(w) = w**3 + 154*w**2 + 310*w + 956. Give r(-152).
44
Let k(r) = 890*r + 11542. Give k(-13).
-28
Let u(t) = -458*t**2 + 4. What is u(-1)?
-454
Let p(v) = 97*v + 28. Give p(-4).
-360
Let k(w) = -w**3 - 17*w**2 - 32*w - 211. Determine k(-17).
333
Let b(m) = -323*m - 7406. What is b(-23)?
23
Let t(i) = 2*i**2 + 52*i - 24. Calculate t(-27).
30
Let a(k) = 16*k + 249. Calculate a(-11).
73
Let n(r) = 3*r**2 + 31*r + 71. Calculate n(-4).
-5
Let i(w) = -2*w - 356. What is i(6)?
-368
Let k(n) = -2*n**2 + 184*n - 1103. Determine k(6).
-71
Let y(z) = -2*z**2 + 499*z + 1978. Give y(-4).
-50
Let b(h) = 2*h**3 - 15*h**2 - 37*h + 329. Calculate b(6).
-1
Let u(b) = -18*b - 984. Determine u(-55).
6
Let i(j) = 20*j - 73. What is i(5)?
27
Let r(a) = -6*a**2 - 166*a - 347. Determine r(-23).
297
Let a(g) = 3*g**2 - 126*g - 8. Give a(42).
-8
Let c(b) = -183*b - 3288. Calculate c(-18).
6
Let c(a) = -34*a**2 - 304*a - 608. Calculate c(-2).
-136
Let r(b) = b + 25. Calculate r(9).
34
Let p(s) = -s**3 - 9*s**2 + 17*s + 90. Determine p(-11).
145
Let r(q) = 2*q**2 - 73*q + 124. Determine r(32).
-164
Let q(i) = -i**3 - i**2 + 13*i + 23. Determine q(-4).
19
Let q(o) = -4*o**3 + 35*o**2 + 6*o - 219. Calculate q(8).
21
Let q(c) = -503*c**2 + 9*c - 7. Calculate q(1).
-501
Let a(j) = j**3 + 41*j**2 + 113*j - 71. What is a(-38)?
-33
Let k(m) = 2536*m - 53270. Give k(21).
-14
Let d(t) = -244*t - 12919. Calculate d(-53).
13
Let j(m) = 4*m**2 + 78*m + 33. Determine j(-19).
-5
Let c(f) = -2*f**2 + 250*f - 966. Determine c(4).
2
Let g(x) = -13*x - 42. Give g(11).
-185
Let o(g) = g**3 - 11*g**2 - 432*g + 3996. Calculate o(9).
-54
Let r(j) = -153*j - 468. Determine r(-3).
-9
Let c(j) = -5*j - 61. Determine c(7).
-96
Let o(l) = 6*l + 133. Calculate o(-20).
13
Let t(c) = c**2 - 44*c + 468. Calculate t(25).
-7
Let q(t) = 7*t**2 + 403*t - 167. Give q(-58).
7
Let f(a) = -2*a**3 - 18*a**2 - 29*a - 14. Calculate f(-7).
-7
Let l(q) = 31*q + 761. Determine l(-19).
172
Let i(c) = -14*c + 53. Determine i(4).
-3
Let x(z) = 3*z**3 + 3*z**2 - 8*z - 5. Determine x(-3).
-35
Let u(n) = 25*n**2 + 795*n - 165. Determine u(-32).
-5
Let q(l) = -l**3 - 10*l**2 + 37*l + 362. What is q(-9)?
-52
Let r(p) = -79*p + 46. Determine r(1).
-33
Let t(o) = -o**3 - 19*o**2 + 24*o - 4. What is t(0)?
-4
Let l(g) = 114*g + 16862. Calculate l(-148).
-10
Let x(l) = -l**2 + 64*l - 997. What is x(26)?
-9
Let s(y) = -y**2 - 166*y - 4870. Determine s(-38).
-6
Let m(u) = -5*u**2 - 71*u - 17. Determine m(-15).
-77
Let v(n) = 3*n**2 + 78*n + 50. Determine v(-32).
626
Let d(v) = -v**3 - 7*v**2 - 20*v - 20. What is d(-7)?
120
Let l(o) = -4*o**3 - 52*o**2 + 5*o + 78. Calculate l(-13).
13
Let d(f) = f**3 + 20*f**2 + 108*f + 10. Determine d(-8).
-86
Let t(u) = -10*u**3 + 1351*u**2 - 132*u - 400. What is t(135)?
5
Let x(z) = 3*z**2 + 68*z + 31. Calculate x(-22).
-13
Let w(p) = p**2 + 35*p - 175. Calculate w(5).
25
Let g(x) = 29*x + 348. What is g(-12)?
0
Let a(r) = -r**3 - 64*r**2 - 388*r + 639. Determine a(-57).
12
Let k(g) = -201*g - 22103. Determine k(-110).
7
Let d(r) = -32*r + 317. What is d(9)?
29
Let j(d) = -255*d + 4080. Calculate j(16).
0
Let x(p) = -p**3 + p**2 + 13*p - 49. Calculate x(7).
-252
Let y(b) = 7*b**2 - 336*b - 25. Determine y(48).
-25
Let l(z) = 3*z**3 - 67*z**2 + 24*z - 15. Determine l(22).
29
Let p(m) = -m**3 + 11*m**2 + 27*m - 16. Calculate p(13).
-3
Let a(w) = 143*w - 1157. What is a(8)?
-13
Let l(z) = -38*z + 324. Calculate l(9).
-18
Let d(w) = 2*w**2 + 886*w + 1765. Calculate d(-2).
1
Let c(g) = 283*g + 6349. Give c(-23).
-160
Let v(p) = -234*p + 4315. What is v(18)?
103
Let p(h) = -622*h + 8703. What is p(14)?
-5
Let i(y) = -y**2 - 578*y + 26041. Determine i(42).
1
Let n(o) = -2*o**3 + 18*o**2 - 9*o - 53. Determine n(7).
80
Let n(o) = -9*o**2 - 113*o - 27. Give n(-9).
261
Let b(u) = -1981*u - 271393. Calculate b(-137).
4
Let w(x) = -x**3 - 2*x**2 - 10*x. What is w(-3)?
39
Let m(a) = -a**3 - 12*a**2 + 60*a + 6. Calculate m(3).
51
Let f(x) = -x**3 + 20*x**2 + 128*x - 76. Give f(25).
-1
Let a(q) = -11*q**3 + 8*q**2 - 40*q - 47. Give a(-1).
12
Let m(l) = -8*l**2 + 265*l - 287. Determine m(32).
1
Let a(q) = 3*q**3 - 20*q**2 - 22*q + 12. What is 